r?
False
Is (-2)/((80/(-142684))/10) prime?
True
Let i = -17 - -11. Let s = -4 - i. Suppose 191 = -h + s*h. Is h a composite number?
False
Suppose -2*w + 1991 = l, -4*w - l + 3988 = 3*l. Suppose -w = 4*x + 4*r - 16126, r + 15152 = 4*x. Is x a composite number?
True
Let l(k) = 1040*k**2 + 7*k - 29. Is l(-6) prime?
True
Let u(p) = -p - 2. Let k be u(4). Let f(j) = 3*j**2 - 10 + 9 - 5*j**2 - 2*j**3 - 2*j - 5*j**2. Is f(k) a prime number?
True
Let t(a) = 66*a**3 + 2*a**2 - 5*a + 2. Let v be t(3). Let g = v + -436. Is g prime?
False
Let s(q) = -q**2 + q + 307. Suppose -2*f - 5 = -15. Suppose f*j - 2*z + 10 = 0, -3*j - 2*j = -5*z + 25. Is s(j) composite?
False
Let r be 2*(454 - (0 + 4)). Suppose k - 3*k = -3*y - r, 898 = 2*k - 2*y. Is k composite?
True
Suppose 0 = -4*y - 139 + 43. Let g be 18/y*(2 + -390). Is (g/(-6))/(2/(-4)) a composite number?
False
Suppose 0 = 5*j - d + 816 - 2421, 2*j - 664 = -4*d. Let r = 3 - -1. Suppose 6*v = r*v + j. Is v prime?
False
Let j be (-12)/(-24)*(1 - 1). Suppose j = -0*y + 6*y - 1794. Is y composite?
True
Is 4/(4/177) + (-72)/(-36) a composite number?
False
Suppose 0 = 2*x, -4*c + 13*x + 89956 = 11*x. Is c prime?
False
Is (-1801)/((-1)/(-3)*(1 - 4)) composite?
False
Is 1082/(-3)*((-1410)/20)/47 composite?
False
Let g = -616 - -3953. Is g composite?
True
Suppose -4*z + 5*i + 85 = -0, -4*z + 81 = -i. Let w be ((-1290)/45)/(2/9). Let f = z - w. Is f a prime number?
True
Let x = 46839 - 29962. Is x prime?
False
Let f(r) = -822*r - 185. Is f(-10) a composite number?
True
Suppose 0 = -5*t - v - 80, -t + v = 2*t + 40. Let y(x) = -67*x - 52. Is y(t) a composite number?
False
Suppose 0 = 6*b - 49122 + 15756. Is b composite?
True
Let h(y) = -y**3 + 7*y**2 + 5. Let a be h(7). Suppose b - 2*k - 307 = 0, 3*b = -b - a*k + 1176. Is b a prime number?
False
Let b(g) = -g**3 - 6*g**2 + 5*g - 8. Let o be b(-7). Suppose -o*k - 293 = -1139. Is k a composite number?
True
Let l(t) = -1779*t - 431. Is l(-6) prime?
True
Suppose 0 = -2*k + d + 23, 5*k = d + d + 56. Suppose k*q - 481 = 9*q. Is q a prime number?
False
Let p = 264 - 1087. Let c = -354 - p. Is c composite?
True
Let o(s) = -s**2 - 7*s + 3. Let a(g) = 4*g**2 + 20*g - 10. Let p(h) = 2*a(h) + 7*o(h). Is p(-7) composite?
False
Suppose 15581 - 89264 = -9*f. Is f composite?
True
Is 2780 - (14 - 10 - 13) a prime number?
True
Let u = 12 + 5737. Suppose -f + 4*i = -1220 + 57, 0 = -5*f - 2*i + u. Is f prime?
True
Suppose -5*i = 10, i - 6 = 2*h - h. Suppose 7*r = -4*r + 1529. Let f = h + r. Is f composite?
False
Let z(h) = -8*h + 5. Let m(g) = 4*g - 3. Let i(q) = 5*m(q) + 2*z(q). Is i(12) a prime number?
True
Suppose 4652 = 4*j - 5*g, 2*j + 3*g + 2*g - 2296 = 0. Suppose -5*z = 3*q - 5044, -3*z + j = -3*q - 1854. Is z composite?
True
Suppose -j = -n - 0*j - 1, -4 = -2*n - j. Suppose w = v - 3 - n, 2*v - 3*w - 8 = 0. Suppose 0 = v*m + 8, -3*o + 4*m + 55 = -m. Is o composite?
True
Let o = -3179 - -6478. Is o composite?
False
Suppose -41*h = -78530 - 23765. Is h prime?
False
Let a(o) = 17485*o + 61. Is a(2) a prime number?
False
Suppose -q + 15 = 2*q. Suppose p = 2*p - q. Suppose p*j - 581 = 3*u, -3*j + 148 = 4*u - 189. Is j composite?
True
Let z = -19 - -21. Suppose z*c = -c + 5205. Is c a composite number?
True
Let l(v) = -v**3 + 9*v**2 - 6*v - 25. Let b be l(8). Let o(n) = -n**2 - n - 1. Let q(y) = -5*y**2 - 20*y + 16. Let z(u) = -4*o(u) + q(u). Is z(b) composite?
False
Suppose 0 = -3*x + f + 19, -f = -x - 0*x + 3. Suppose -2*y + 4 = 2*k, -4*k - 4*y + x = -2*k. Suppose -l + 6*l - 395 = k. Is l a composite number?
False
Suppose z + 9714 = 4*n, 20*z - 25*z = -4*n + 9706. Is n composite?
True
Let g(k) = k - 7. Let x be g(9). Let m = -96 + 213. Suppose -t - j + 0*j = -m, -x*t = 3*j - 232. Is t a composite number?
True
Let w(u) = -350*u - 14. Let j be w(-3). Let x = 1957 - j. Is x prime?
False
Let z(y) = y**3 - 10*y**2 + 8*y + 13. Let u be z(9). Let j be (109/2)/(2/(27 - 3)). Suppose 5*g - u*i = j, g + 2*i = -g + 276. Is g composite?
True
Let b(y) = 154*y**2 - 6*y + 1. Let z(s) = -s + 1. Let t(v) = b(v) - 6*z(v). Is t(4) prime?
True
Suppose n + 56 = 3*n. Let p be (n/21)/((-2)/(-123)). Suppose -g - p = -291. Is g a prime number?
False
Let y = -14 - -15. Suppose 3*q = 2*o + 7 - y, 0 = 5*o + 15. Suppose q = 3*u - 4*u + 391. Is u a composite number?
True
Suppose -m = 102 - 105. Let y(t) = -t**3 - 2*t**2 - 2*t + 2. Let l be y(-2). Suppose -m*n = -l*n + 2661. Is n composite?
False
Let l = -1463 - -2550. Is l prime?
True
Suppose 4*z - 59 = -15. Let p be (-15)/(-60) + 1/(-4)*-7. Suppose -q = -t - 74, z + 137 = p*q - t. Is q a composite number?
True
Let m = -17761 - -27388. Is m prime?
False
Suppose 4*a + 5*p - 13376 = 0, -3*p + 9934 = 4*a - 3450. Is a prime?
False
Is -1 + 8 - (99090 - 0)/(-9) composite?
True
Let x(j) = j**3 - j**2 + 18*j + 22915. Is x(0) a composite number?
True
Let v = 3758 + -2186. Suppose 12 = -3*x, 0 = -3*d + 4*x + 337 + v. Is d prime?
True
Let a(f) = 21*f**2 + f - 1. Let g be a(-4). Let n = g - -58. Is n composite?
False
Suppose 0 = 4*y + g - 24962, -4*y + 2*g = -4705 - 20263. Is y prime?
False
Suppose 4*x + 3*y + 8 = 2*y, -3*y = 0. Let l(z) = -z + 2. Let d be l(x). Is (-2 + 1)/(d/(-1412)) prime?
True
Suppose -5*d + i + 9858 = -1034, 4*d + 3*i = 8725. Suppose -d = -c + w, 5*c - 3*w = 6694 + 4201. Is c a prime number?
True
Let b(d) = d**3 + 17*d**2 - 18*d + 53. Is b(-18) composite?
False
Suppose 5*n + 0*n - 31765 = 0. Is n composite?
False
Suppose -2*w + 40553 = -y, 3*w - 4*y - 81108 = -w. Is ((-2)/(-3))/(w/6756 + -3) a prime number?
True
Let k be -2 - (-10 + (1 - (-4)/2)). Is (-5090)/(-1 - -4 - k) prime?
False
Let g = -1261 + 2642. Is g a prime number?
True
Suppose -27*j = -215162 - 57295. Is j a prime number?
True
Suppose 0*f - 33 = 3*f. Let i be (-2)/f + 60/33. Suppose -i*u - 5*o = -46, 3*u - o = 5*u - 62. Is u a prime number?
False
Suppose 0 = -13*h - 28 - 63. Let r be 64/3 - (-2)/(-6). Is (-6)/r - 2319/h a prime number?
True
Let f = -19909 + 29066. Is f prime?
True
Let l(c) = c**2 - c + 5. Let i = -7 + 1. Let h = i + 13. Is l(h) composite?
False
Let w(y) = y**3 + 7*y**3 + 6 + 4*y + y - 7 - 3*y**2. Let u be w(4). Suppose -3*j + 968 = 2*d - 2*j, -u = -d - j. Is d a composite number?
True
Let z(t) = t**3 - 3*t**2 + t - 3. Let d be z(3). Suppose d = -5*u + 5 + 10. Suppose u*j + 222 = 3*r, -3*r + 3*j - 410 = -8*r. Is r composite?
False
Is 5*28239/57 + 16/(-152) a composite number?
False
Is -3*(-1)/9*13227 prime?
True
Suppose -1826 = -2*l - 4*r, 662 - 1595 = -l + 2*r. Is l a prime number?
False
Let r be (-1)/3 - (1064/6)/2. Suppose 4*n + 865 - 257 = 3*l, 0 = 3*n + 6. Let t = r + l. Is t composite?
True
Is (25786/6)/(1/(-30)*-10) a prime number?
True
Let s(a) = a**3 - 4*a**2 + 30*a - 34. Is s(21) a composite number?
False
Suppose -19 = -p + 36. Suppose -4*z = z - p. Suppose 0 = z*g - 15*g + 596. Is g a prime number?
True
Let d(t) = 20*t**2 - 10*t + 4. Let n be d(7). Is (n/10)/(3 - 70/25) a composite number?
False
Suppose -2*t + 12748 = 5*r + 1323, -4*r + t + 9153 = 0. Is r prime?
True
Suppose 2 = -3*f + 11. Suppose -4*o + o + 155 = 4*s, 0 = 4*o + f*s - 202. Is o a prime number?
False
Let d(z) = -21*z**2 - 47*z + 73. Let a(n) = 31*n**2 + 71*n - 109. Let b(l) = -5*a(l) - 8*d(l). Is b(-16) composite?
False
Let m = 1440 - 2286. Let o = 47 - m. Is o prime?
False
Suppose 5*m = 5*k - 5695, -3*k = -2*m + m - 1145. Let y = m + 1923. Is y a composite number?
False
Let a = -399 + 30382. Is a prime?
True
Let j be ((-63)/15)/((-2)/10). Let f = -24 + j. Let p(m) = -79*m - 4. Is p(f) composite?
False
Let k(q) be the first derivative of 257*q**2/2 + 2*q + 20. Is k(7) a prime number?
True
Let o be (-2 + -2)/((-4)/3). Suppose -i + 2*i + 2*x = 179, -5*i + 5*x + 835 = 0. Is i/o*6/9 prime?
False
Let i(v) = -v**3 + 4*v**2 + 7*v - 7. Let k be i(5). Let f = 341 - -310. Suppose k*h - 630 = f. Is h composite?
True
Let a(c) = c**2 + 10*c - 6. Let g be a(-11). Suppose 5*b - t = 12 + g, 2*b = -t + 4. Suppose 5*z - b*r = 269, -3*r = -3*z + 2*r + 155. Is z a prime number?
False
Suppose -12 = -3*a + 3*x, -a + 1 + 3 = 3*x. Suppose -1941 = -3*b + 4*n, 3*n - a*n + 647 = b. Is b composite?
False
Suppose 3627 = 13*z + 286. Is z*-4*(-4)/16 prime?
True
Suppose -29*n = -13*n - 59056. Is n a composite number?
False
Let 